ainder when 10367167 is divided by 55?
52
What is the remainder when 35234 is divided by 410?
384
Calculate the remainder when 454252 is divided by 90849.
7
Calculate the remainder when 2274902 is divided by 208.
6
Calculate the remainder when 28953 is divided by 228.
225
What is the remainder when 874420 is divided by 18?
16
What is the remainder when 2698 is divided by 338?
332
What is the remainder when 56463 is divided by 680?
23
Calculate the remainder when 4381 is divided by 718.
73
Calculate the remainder when 21735 is divided by 561.
417
Calculate the remainder when 428 is divided by 307.
121
Calculate the remainder when 17018 is divided by 5357.
947
What is the remainder when 4283 is divided by 37?
28
Calculate the remainder when 542571 is divided by 202.
201
Calculate the remainder when 3298 is divided by 413.
407
Calculate the remainder when 4726 is divided by 702.
514
Calculate the remainder when 46313 is divided by 93.
92
What is the remainder when 154444 is divided by 143?
4
Calculate the remainder when 27083 is divided by 5411.
28
Calculate the remainder when 46379 is divided by 12.
11
What is the remainder when 705 is divided by 39?
3
What is the remainder when 6985 is divided by 1616?
521
What is the remainder when 54000 is divided by 29?
2
What is the remainder when 455 is divided by 64?
7
What is the remainder when 117245 is divided by 50?
45
What is the remainder when 31600 is divided by 6293?
135
Calculate the remainder when 33379 is divided by 850.
229
What is the remainder when 15509 is divided by 600?
509
Calculate the remainder when 5929 is divided by 198.
187
Calculate the remainder when 8561 is divided by 4271.
19
Calculate the remainder when 10058 is divided by 1422.
104
Calculate the remainder when 981707 is divided by 406.
405
Calculate the remainder when 265336 is divided by 2157.
25
Calculate the remainder when 11112 is divided by 1.
0
What is the remainder when 50459 is divided by 49?
38
What is the remainder when 517369 is divided by 351?
346
Calculate the remainder when 4221 is divided by 394.
281
Calculate the remainder when 19506 is divided by 49.
4
What is the remainder when 2553 is divided by 123?
93
Calculate the remainder when 1557 is divided by 1146.
411
Calculate the remainder when 10738 is divided by 42.
28
Calculate the remainder when 33947 is divided by 1341.
422
Calculate the remainder when 733822 is divided by 117.
115
Calculate the remainder when 3814 is divided by 80.
54
Calculate the remainder when 355177 is divided by 719.
710
Calculate the remainder when 33828 is divided by 675.
78
Calculate the remainder when 31184 is divided by 328.
24
Calculate the remainder when 2986331 is divided by 47.
45
Calculate the remainder when 11024 is divided by 401.
197
Calculate the remainder when 207 is divided by 37.
22
Calculate the remainder when 13696 is divided by 4533.
97
Calculate the remainder when 2116 is divided by 267.
247
Calculate the remainder when 2709 is divided by 39.
18
What is the remainder when 6899 is divided by 8?
3
What is the remainder when 1108 is divided by 207?
73
What is the remainder when 724882 is divided by 523?
4
Calculate the remainder when 5661 is divided by 35.
26
What is the remainder when 4489 is divided by 285?
214
What is the remainder when 147788 is divided by 59?
52
What is the remainder when 1010 is divided by 333?
11
What is the remainder when 1635 is divided by 811?
13
Calculate the remainder when 7010577 is divided by 1655.
1652
Calculate the remainder when 1918 is divided by 64.
62
Calculate the remainder when 885 is divided by 158.
95
Calculate the remainder when 69862 is divided by 17459.
26
Calculate the remainder when 2714527 is divided by 537.
529
Calculate the remainder when 429521 is divided by 481.
469
Calculate the remainder when 9242 is divided by 2178.
530
What is the remainder when 27958131 is divided by 1268?
1267
Calculate the remainder when 423387 is divided by 76.
67
What is the remainder when 607218 is divided by 626?
624
Calculate the remainder when 8522 is divided by 420.
122
What is the remainder when 459740 is divided by 14?
8
Calculate the remainder when 15566 is divided by 15565.
1
What is the remainder when 3636 is divided by 724?
16
What is the remainder when 4861162 is divided by 77?
75
Calculate the remainder when 8233 is divided by 587.
15
Calculate the remainder when 3218 is divided by 1587.
44
Calculate the remainder when 431932 is divided by 1937.
1918
Calculate the remainder when 10635 is divided by 56.
51
Calculate the remainder when 42522 is divided by 105.
102
Calculate the remainder when 1604 is divided by 337.
256
Calculate the remainder when 540142 is divided by 48.
46
What is the remainder when 56884 is divided by 26?
22
What is the remainder when 1729869 is divided by 82?
79
What is the remainder when 14476 is divided by 7190?
96
Calculate the remainder when 3741279 is divided by 1072.
1071
Calculate the remainder when 1909 is divided by 1498.
411
What is the remainder when 35274 is divided by 6?
0
Calculate the remainder when 9751 is divided by 31.
17
Calculate the remainder when 17850 is divided by 38.
28
Calculate the remainder when 2844 is divided by 622.
356
Calculate the remainder when 5386 is divided by 1299.
190
What is the remainder when 32691 is divided by 305?
56
What is the remainder when 125234 is divided by 41742?
8
Calculate the remainder when 48730 is divided by 163.
156
What is the remainder when 968355 is divided by 18?
9
What is the remainder when 1088 is divided by 294?
206
What is the remainder when 962 is divided by 233?
30
What is the remainder when 41933 is divided by 839?
822
Calculate the remainder when 16341 is divided by 3267.
6
Calculate the remainder when 3890 is divided by 325.
315
What is the remainder when 1557 is divided by 18?
9
What is the remainder when 1018 is divided by 442?
134
What is the remainder when 3917 is divided by 10?
7
Calculate the remainder when 33680 is divided by 1086.
14
What is the remainder when 8970 is divided by 72?
42
Calculate the remainder when 57324 is divided by 137.
58
Calculate the remainder when 634713 is divided by 162.
159
Calculate the remainder when 7881 is divided by 108.
105
Calculate the remainder when 12138 is divided by 152.
130
What is the remainder when 1490 is divided by 101?
76
Calculate the remainder when 7293 is divided by 285.
168
What is the remainder when 15778 is divided by 15774?
4
What is the remainder when 64641 is divided by 320?
1
Calculate the remainder when 4770 is divided by 232.
130
Calculate the remainder when 12632 is divided by 689.
230
Calculate the remainder when 2076 is divided by 67.
66
Calculate the remainder when 9257 is divided by 1803.
242
Calculate the remainder when 1841 is divided by 578.
107
What is the remainder when 1111 is divided by 306?
193
Calculate the remainder when 1960 is divided by 1698.
262
Calculate the remainder when 19649 is divided by 234.
227
Calculate the remainder when 84955 is divided by 137.
15
Calculate the remainder when 11970 is divided by 679.
427
Calculate the remainder when 89788 is divided by 742.
6
Calculate the remainder when 7135 is divided by 7112.
23
What is the remainder when 1233 is divided by 605?
23
Calculate the remainder when 8409 is divided by 2790.
39
What is the remainder when 382167 is divided by 47769?
15
Calculate the remainder when 8179 is divided by 511.
3
Calculate the remainder when 23358 is divided by 47.
46
What is the remainder when 191777 is divided by 2779?
26
What is the remainder when 14421 is divided by 43?
16
Calculate the remainder when 39707 is divided by 9924.
11
What is the remainder when 686 is divided by 74?
20
What is the remainder when 674 is divided by 172?
158
Calculate the remainder when 15303 is divided by 28.
15
Calculate the remainder when 4500 is divided by 289.
165
What is the remainder when 7141 is divided by 9?
4
What is the remainder when 194920 is divided by 97451?
18
Calculate the remainder when 3665 is divided by 265.
220
What is the remainder when 708373 is divided by 16?
5
Calculate the remainder when 1282 is divided by 304.
66
What is the remainder when 2078 is divided by 51?
38
What is the remainder when 335313 is divided by 817